 the prime factors of 1453155.
3, 5, 11, 8807
What are the prime factors of 2592013145?
5, 97, 1123, 4759
List the prime factors of 78417125.
5, 257, 2441
List the prime factors of 189500652.
2, 3, 11, 53, 9029
What are the prime factors of 241855098?
2, 3, 40309183
What are the prime factors of 654233966?
2, 41, 7978463
What are the prime factors of 50390080?
2, 5, 13, 12113
What are the prime factors of 177275909?
19, 311, 1579
List the prime factors of 165465855.
3, 5, 61, 71, 283
List the prime factors of 332217264.
2, 3, 17, 383, 1063
List the prime factors of 290427781.
7, 67, 239, 2591
List the prime factors of 54639591.
3, 61, 127, 2351
What are the prime factors of 77127108?
2, 3, 6427259
What are the prime factors of 397052834?
2, 198526417
What are the prime factors of 74746845?
3, 5, 37, 44893
What are the prime factors of 238507604?
2, 773, 77137
What are the prime factors of 2809659647?
103, 27278249
List the prime factors of 149127731.
5521, 27011
What are the prime factors of 488280460?
2, 5, 17, 59, 101, 241
List the prime factors of 100341164.
2, 7, 11, 325783
What are the prime factors of 20425886?
2, 13, 23, 34157
List the prime factors of 232893960.
2, 3, 5, 13, 337, 443
What are the prime factors of 691558195?
5, 138311639
List the prime factors of 17443101.
3, 13, 447259
What are the prime factors of 1580905997?
11, 143718727
What are the prime factors of 722804217?
3, 281, 857419
List the prime factors of 3418867596.
2, 3, 284905633
List the prime factors of 309443196.
2, 3, 19, 23, 59009
What are the prime factors of 17432223?
3, 5810741
List the prime factors of 18804989.
7, 71, 157, 241
List the prime factors of 31432464.
2, 3, 7, 31183
List the prime factors of 89598359.
89598359
What are the prime factors of 1447318750?
2, 5, 231571
What are the prime factors of 202652113?
1129, 179497
List the prime factors of 26305990.
2, 5, 2630599
List the prime factors of 1112132705.
5, 222426541
What are the prime factors of 487887929?
5557, 87797
List the prime factors of 453821071.
11, 73, 149, 3793
List the prime factors of 4473116138.
2, 719, 3110651
List the prime factors of 24464334.
2, 3, 43, 94823
What are the prime factors of 3002795250?
2, 3, 5, 7, 13, 43997
List the prime factors of 89326721.
11, 17, 28099
What are the prime factors of 138378819?
3, 127, 363199
What are the prime factors of 27365178?
2, 3, 563, 8101
What are the prime factors of 304197171?
3, 199, 509543
What are the prime factors of 218666072?
2, 27333259
What are the prime factors of 183874983?
3, 61291661
List the prime factors of 108653696.
2, 848857
List the prime factors of 65227088.
2, 227, 17959
List the prime factors of 26226838.
2, 11, 53, 83, 271
What are the prime factors of 79465217?
13, 6112709
What are the prime factors of 1356886163?
37, 36672599
List the prime factors of 565021394.
2, 7, 40358671
List the prime factors of 4080318430.
2, 5, 269, 1516847
List the prime factors of 3031668241.
7, 8243, 52541
List the prime factors of 340435688.
2, 42554461
What are the prime factors of 185646289?
7129, 26041
List the prime factors of 2355455582.
2, 673, 1749967
List the prime factors of 342182192.
2, 11, 176747
List the prime factors of 151367967.
3, 461, 12161
What are the prime factors of 5302603?
5302603
List the prime factors of 103283329.
103283329
List the prime factors of 151821535.
5, 179, 169633
List the prime factors of 1084261722.
2, 3, 23, 7856969
What are the prime factors of 9369518?
2, 4684759
List the prime factors of 1514802474.
2, 3, 19, 571, 7757
What are the prime factors of 1661178621?
3, 553726207
What are the prime factors of 1055061484?
2, 263765371
What are the prime factors of 2344649413?
2344649413
List the prime factors of 618567.
3, 41, 47, 107
List the prime factors of 114184557.
3, 127, 283, 353
List the prime factors of 3096446417.
37, 83687741
What are the prime factors of 400200967?
400200967
What are the prime factors of 1137186122?
2, 113, 251, 20047
What are the prime factors of 2903333608?
2, 7, 19, 23, 29, 4091
What are the prime factors of 155668835?
5, 7, 12967
List the prime factors of 17622781.
11, 1602071
What are the prime factors of 32032750?
2, 5, 37, 3463
What are the prime factors of 1975623344?
2, 19, 6498761
What are the prime factors of 1142758294?
2, 571379147
What are the prime factors of 1546108946?
2, 43, 859, 20929
What are the prime factors of 41914587?
3, 11, 13, 41, 2383
What are the prime factors of 228082194?
2, 3, 19, 251, 2657
What are the prime factors of 63289613?
71, 73, 12211
List the prime factors of 35839282.
2, 19, 943139
What are the prime factors of 50561627?
50561627
What are the prime factors of 1024626101?
1024626101
List the prime factors of 59693785.
5, 11938757
What are the prime factors of 4939804859?
11, 101, 4446269
What are the prime factors of 55401025?
5, 37, 101, 593
What are the prime factors of 171706572?
2, 3, 19, 251033
List the prime factors of 189643638.
2, 3, 173, 182701
What are the prime factors of 3078237206?
2, 11, 139919873
What are the prime factors of 244079058?
2, 3, 31, 547, 2399
What are the prime factors of 6142264897?
859, 7150483
List the prime factors of 2055652375.
5, 7, 2349317
What are the prime factors of 1417121173?
13, 17, 6412313
What are the prime factors of 862923052?
2, 215730763
What are the prime factors of 272313265?
5, 7, 2729, 2851
What are the prime factors of 2184517491?
3, 13, 4308713
What are the prime factors of 825193448?
2, 23, 194989
List the prime factors of 583665257.
7, 83380751
What are the prime factors of 1644420935?
5, 17519, 18773
List the prime factors of 93647365.
5, 7, 821, 3259
What are the prime factors of 587903974?
2, 7, 41993141
List the prime factors of 1152725552.
2, 11, 107, 61211
List the prime factors of 791040248.
2, 98880031
What are the prime factors of 10095488?
2, 13, 6067
What are the prime factors of 520685451?
3, 11, 13, 31121
List the prime factors of 14091668.
2, 3522917
List the prime factors of 19702710.
2, 3, 5, 72973
List the prime factors of 122454803.
2683, 45641
What are the prime factors of 2106863012?
2, 526715753
What are the prime factors of 262987667?
13183, 19949
List the prime factors of 73631525.
5, 11, 101, 241
List the prime factors of 9453750.
2, 3, 5, 2521
List the prime factors of 25638123.
3, 7, 23, 7583
What are the prime factors of 3684841602?
2, 3, 13, 317, 149027
List the prime factors of 30758808.
2, 3, 79, 16223
List the prime factors of 42863299.
1889, 22691
List the prime factors of 102581014.
2, 51290507
List the prime factors of 5772680776.
2, 19, 149, 254887
List the prime factors of 42413888.
2, 11, 5477
What are the prime factors of 618285008?
2, 11, 3512983
What are the prime factors of 4215999361?
7, 602285623
What are the prime factors of 553624080?
2, 3, 5, 109, 21163
List the prime factors of 457031.
269, 1699
List the prime factors of 29427765.
3, 5, 17, 37, 3119
List the prime factors of 2450981476.
2, 23, 41, 649783
List the prime factors of 4738513084.
2, 23, 157, 328061
What are the prime factors of 200443965?
3, 5, 23, 580997
What are the prime factors of 109651788?
2, 3, 3045883
What are the prime factors of 1340625826?
2, 19, 157, 224711
What are the prime factors of 14733408?
2, 3, 167, 919
List the prime factors of 996117236.
2, 249029309
What are the prime factors of 807990027?
3, 13, 20717693
List the prime factors of 28244954.
2, 1367, 10331
List the prime factors of 5598016.
2, 23, 3803
List the prime factors of 474305565.
3, 5, 4943, 6397
List the prime factors of 921403476.
2, 3, 7, 3656363
What are the prime factors of 355854447?
3, 13, 29, 104879
What are the prime factors of 481047658?
2, 7, 13, 2643119
What are the prime factors of 227238481?
61, 3725221
List the prime factors of 3229190997.
3, 227, 4741837
List the prime factors of 1290700838.
2, 7, 53, 137, 12697
What are the prime factors of 2141462871?
3, 293, 863, 941
What are the prime factors of 13306141?
479, 27779
What are the prime factors of 348687334?
2, 37, 641, 7351
What are the prime factors of 3257377884?
2, 3, 103, 359, 2447
List the prime factors of 236659626.
2, 3, 7, 41, 61, 751
What are the prime factors of 651990673?
29, 743, 30259
What are th